{"id":89,"date":"2024-07-29T13:24:10","date_gmt":"2024-07-29T11:24:10","guid":{"rendered":"https:\/\/www.matrixf.com\/?post_type=product&#038;p=89"},"modified":"2024-07-31T23:18:48","modified_gmt":"2024-07-31T21:18:48","slug":"kamerton","status":"publish","type":"product","link":"https:\/\/www.matrixf.com\/?product=kamerton","title":{"rendered":"Camerton"},"content":{"rendered":"<div id=\"tab-description\" class=\"woocommerce-Tabs-panel woocommerce-Tabs-panel--description panel entry-content wc-tab\" role=\"tabpanel\" aria-labelledby=\"tab-title-description\">\n<p>Ett underlag till kaffekopp eller tekopp. Med kamerton karvad p\u00e5 ett rund tr\u00e4platta.<\/p>\n<\/div>\n","protected":false},"excerpt":{"rendered":"<p>Lackerat underlag utan f\u00e4rg. Rund formad genom lasersk\u00e4rning p\u00e5 3mm tjock faner.<\/p>\n","protected":false},"featured_media":86,"comment_status":"open","ping_status":"closed","template":"","meta":[],"product_brand":[],"product_cat":[16],"product_tag":[],"class_list":{"0":"post-89","1":"product","2":"type-product","3":"status-publish","4":"has-post-thumbnail","6":"product_cat-ofargad-underlag","7":"product_shipping_class-17","9":"first","10":"instock","11":"purchasable","12":"product-type-simple"},"jetpack_sharing_enabled":true,"_links":{"self":[{"href":"https:\/\/www.matrixf.com\/index.php?rest_route=\/wp\/v2\/product\/89","targetHints":{"allow":["GET"]}}],"collection":[{"href":"https:\/\/www.matrixf.com\/index.php?rest_route=\/wp\/v2\/product"}],"about":[{"href":"https:\/\/www.matrixf.com\/index.php?rest_route=\/wp\/v2\/types\/product"}],"replies":[{"embeddable":true,"href":"https:\/\/www.matrixf.com\/index.php?rest_route=%2Fwp%2Fv2%2Fcomments&post=89"}],"wp:featuredmedia":[{"embeddable":true,"href":"https:\/\/www.matrixf.com\/index.php?rest_route=\/wp\/v2\/media\/86"}],"wp:attachment":[{"href":"https:\/\/www.matrixf.com\/index.php?rest_route=%2Fwp%2Fv2%2Fmedia&parent=89"}],"wp:term":[{"taxonomy":"product_brand","embeddable":true,"href":"https:\/\/www.matrixf.com\/index.php?rest_route=%2Fwp%2Fv2%2Fproduct_brand&post=89"},{"taxonomy":"product_cat","embeddable":true,"href":"https:\/\/www.matrixf.com\/index.php?rest_route=%2Fwp%2Fv2%2Fproduct_cat&post=89"},{"taxonomy":"product_tag","embeddable":true,"href":"https:\/\/www.matrixf.com\/index.php?rest_route=%2Fwp%2Fv2%2Fproduct_tag&post=89"}],"curies":[{"name":"wp","href":"https:\/\/api.w.org\/{rel}","templated":true}]}}